d**3 - 6*d**2 - d - 7. Determine r(-6).
-1
Let k(a) = -5*a**3 - 4*a**2 - 6*a - 5. Calculate k(-3).
112
Let k(r) = r**3 + 7*r**2 + 9*r. Determine k(-5).
5
Let m(d) = -45*d**2 - 2*d - 2. Determine m(1).
-49
Let z(u) = -u**3 - 5*u**2 + 15*u + 79. Determine z(-4).
3
Let h(x) = 3*x**3 + 9*x**2 + 5*x + 1. Determine h(-4).
-67
Let d(u) = u**3 + 3*u**2 - 9*u - 11. Determine d(-6).
-65
Let h(a) = -a - 13. Determine h(-4).
-9
Let d(a) = a**3 - 10*a**2 + 5*a + 3. Give d(10).
53
Let v(p) = 2*p**3 + 19*p**2 + 13*p + 35. What is v(-9)?
-1
Let c(b) = -b**3 + 12*b**2 - 5*b + 20. What is c(12)?
-40
Let s(j) = 3*j - 11. Determine s(8).
13
Let h(x) = -x**3 + 35*x**2 + 36*x - 7. Give h(36).
-7
Let u(t) = -t**3 - 7*t**2 - 2*t. Calculate u(-7).
14
Let h(c) = c**2 - 3*c - 16. Determine h(6).
2
Let l(f) = -23*f + 113. Calculate l(4).
21
Let c(k) = -6*k - 194. Calculate c(-33).
4
Let f(q) = q**3 + 9*q**2 - 10*q - 16. Calculate f(-9).
74
Let c(j) = j**3 - 3*j**2 - 19*j + 56. Calculate c(5).
11
Let v(n) = 2*n**2 + 4. Calculate v(-2).
12
Let h(v) = -v**3 - 10*v**2 - 5*v + 3. What is h(-4)?
-73
Let a(n) = n**3 - 8*n**2 + 9*n + 6. What is a(5)?
-24
Let h(q) = -q**3 + 12*q**2 - 10*q - 9. What is h(11)?
2
Let x(a) = -24*a + 11. Give x(3).
-61
Let w(f) = -2*f - 2. Give w(2).
-6
Let q(v) = 21*v**3 + v**2. Calculate q(-1).
-20
Let n(s) = s**3 - 11*s**2 + 23*s - 21. Calculate n(9).
24
Let p(v) = -v**3 - 10*v**2 - 3*v + 5. What is p(-10)?
35
Let n(v) = -2*v - 6. What is n(-12)?
18
Let d(w) = -10*w - 86. Determine d(-8).
-6
Let n(s) = s**3 + 15*s**2 + 21*s - 7. Calculate n(-13).
58
Let j(s) = s**3 - 15*s**2 - s + 21. Give j(15).
6
Let w(a) = -a - 14. Determine w(6).
-20
Let p(r) = 6*r**2 - 2*r + 3. Determine p(1).
7
Let j(d) = 2*d**3 + 11*d**2 + 7*d + 4. Calculate j(-5).
-6
Let c(m) = -2*m**3 + 21*m**2 - 14*m + 43. Determine c(10).
3
Let s(i) = 39*i - 1. Give s(1).
38
Let x(k) = k**2 + 4*k + 3. What is x(5)?
48
Let z(b) = 2*b**2 - 45*b + 12. What is z(22)?
-10
Let j(n) = -n**3 - 22*n**2 + 22*n - 45. Calculate j(-23).
-22
Let o(q) = -q**2 - 33*q + 10. What is o(0)?
10
Let i(u) = -u + 15. Give i(14).
1
Let c(p) = -12*p + 58. Give c(7).
-26
Let n(o) = o**2 + 5*o - 19. What is n(-8)?
5
Let t(h) = -h**2 - 26*h + 22. What is t(-27)?
-5
Let y(o) = o**3 - 6*o**2 - 2*o + 5. Determine y(6).
-7
Let n(v) = -2*v**2 + 16*v - 10. Calculate n(8).
-10
Let u(r) = 4*r + 12. Give u(-5).
-8
Let q(t) = -t**3 - 7*t**2 - 6*t - 2. Calculate q(-5).
-22
Let y(v) = -28*v - 29. What is y(3)?
-113
Let y(c) = -c**3 - 4*c**2 + c. Calculate y(-5).
20
Let i(w) = -w**3 + 15*w**2 - 13*w + 7. What is i(14)?
21
Let i(z) = z**3 - 7*z**2 + 12*z - 14. Calculate i(5).
-4
Let f(w) = -3*w**3 - 32*w**2 - 20*w + 10. What is f(-10)?
10
Let l(y) = -6*y - 6. Determine l(4).
-30
Let z(o) = -o**3 + 10*o**2 + 14*o - 19. What is z(11)?
14
Let p(f) = 3*f + 67. Give p(-19).
10
Let w(h) = 8*h - 7. What is w(2)?
9
Let l(o) = 7*o**2 + 9*o - 21. Calculate l(2).
25
Let j(p) = -p**3 - 17*p**2 - 17*p - 6. What is j(-16)?
10
Let c(y) = y**3 + 5*y**2 + 2*y - 8. Calculate c(-3).
4
Let r(k) = 16*k + 97. What is r(-7)?
-15
Let k(j) = -j + 10. Determine k(9).
1
Let r(h) = -84*h - 8. Determine r(-1).
76
Let t(g) = 2*g**3 - 14*g**2 - 4*g + 17. Give t(7).
-11
Let x(i) = -10*i + 146. Determine x(19).
-44
Let k(t) = 27*t - 81. Determine k(5).
54
Let j(g) = -g**3 - 18*g**2 + g + 25. What is j(-18)?
7
Let f(n) = 6*n + 3. What is f(-3)?
-15
Let j(d) = d**3 + 10*d**2 + 16*d + 5. Determine j(-8).
5
Let b(o) = -2*o**2 - 48*o - 49. Determine b(-23).
-3
Let g(k) = -k**2 + 11*k - 20. Give g(4).
8
Let m(v) = v**3 - 2*v**2 - 2. Determine m(2).
-2
Let h(b) = -b**3 - 8*b**2 - 10*b + 5. Calculate h(-6).
-7
Let x(b) = b**3 + 8*b**2 + 15*b. Determine x(-5).
0
Let p(s) = -s**2 + 7*s + 4. Calculate p(7).
4
Let p(c) = c**3 - 2*c**2 + 2*c - 8. What is p(3)?
7
Let u(y) = -2*y**3 + 35*y**2 + 16*y + 2. Give u(18).
-34
Let n(g) = 14*g - 1. Give n(1).
13
Let s(n) = n**3 - 5*n**2 + 2*n + 4. Determine s(4).
-4
Let c(h) = 9*h**3 + h**2 - 2*h + 1. Give c(1).
9
Let l(v) = -3*v**2 - 40*v + 2. Calculate l(-14).
-26
Let c(w) = -w**3 - 4*w**2 + 4*w - 15. Calculate c(-5).
-10
Let w(l) = l**2 + 13*l + 29. Give w(-10).
-1
Let j(k) = k**2 - 12*k - 27. Calculate j(15).
18
Let u(y) = 6*y - 5. What is u(0)?
-5
Let j(r) = -r**2 - 13*r - 1. Calculate j(-11).
21
Let o(v) = -3*v**2 - 4*v + 5. Calculate o(-4).
-27
Let w(o) = -o**3 + 2*o + 1. Determine w(-2).
5
Let m(z) = z**2 - 19*z + 24. What is m(19)?
24
Let y(a) = -a**3 + 4*a**2 - 3*a + 13. Give y(3).
13
Let p(m) = -3*m**2 + 2*m + 1. Give p(-2).
-15
Let q(f) = -62*f**3 - f**2 - f. Calculate q(-1).
62
Let o(d) = 9*d - 33. What is o(7)?
30
Let a(c) = -c**3 + 37*c**2 - 39*c + 88. What is a(36)?
-20
Let a(t) = t**3 + t**2 - 13*t + 3. What is a(-4)?
7
Let b(s) = -2*s**2 - 4*s - 3. Give b(-2).
-3
Let y(z) = z**2 + 12*z - 26. Calculate y(3).
19
Let c(r) = -2*r**3 - 3*r**2 + 5*r - 7. Determine c(2).
-25
Let y(b) = 45*b**3 + b**2 + b - 2. Calculate y(1).
45
Let u(m) = 8*m**2 + 9*m + 25. Determine u(-3).
70
Let c(j) = 2*j + 1. Calculate c(9).
19
Let g(p) = -22*p + 3. What is g(3)?
-63
Let h(m) = -m**3 - 8*m**2 + 3*m - 3. Give h(-8).
-27
Let u(o) = o**2 - 17*o + 11. Give u(19).
49
Let d(p) = p**3 - 4*p**2 - 2*p - 3. Give d(4).
-11
Let k(v) = v**3 - v**2 - 4*v + 1. What is k(3)?
7
Let f(o) = -o**3 - 8*o**2 + 10*o - 10. What is f(-9)?
-19
Let h(t) = -t**2 + t + 2. Calculate h(-4).
-18
Let p(k) = k**3 - 16*k**2 + 17*k - 35. Determine p(15).
-5
Let u(t) = 5*t + 117. Calculate u(-21).
12
Let j(r) = r + 4. Determine j(10).
14
Let k(b) = -2*b**2 - 73*b - 44. Calculate k(-36).
-8
Let c(y) = -y**2 + 14*y + 8. Calculate c(13).
21
Let n(p) = -10*p**2 + 750*p - 3. Give n(75).
-3
Let r(j) = -18*j + 29. Determine r(2).
-7
Let t(y) = 12*y**2 + 3*y + 3. Give t(-2).
45
Let f(p) = -3*p - 4. Calculate f(-2).
2
Let u(k) = -k**3 + 12*k**2 + 11*k - 5. Calculate u(13).
-31
Let d(r) = r**2 - 3*r + 5. Determine d(3).
5
Let h(u) = u**3 + 41*u**2 + 36*u - 187. Determine h(-40).
-27
Let c(b) = b**2 + 4*b + 2. Give c(-7).
23
Let l(u) = -u**2 + 6*u + 12. Calculate l(9).
-15
Let j(h) = h - 31. Calculate j(14).
-17
Let q(w) = 3*w**2 + 3*w + 10. Calculate q(-3).
28
Let t(o) = -o**3 + 9*o**2 + 15*o - 56. Calculate t(10).
-6
Let w(t) = 6*t + 14. What is w(-6)?
-22
Let u(p) = -2*p + 12. Give u(9).
-6
Let p(z) = z**2 + 8*z - 11. Give p(3).
22
Let n(x) = -2*x**2 - 8*x - 1. Determine n(-7).
-43
Let u(r) = -55*r. Determine u(-1).
55
Let t(a) = 5*a - 19. Give t(6).
11
Let v(l) = l**2 + 3*l + 10. Give v(-9).
64
Let v(c) = 22*c - 12. Calculate v(1).
10
Let b(x) = -3*x - 3. Give b(-2).
3
Let x(m) = m**3 - 10*m**2 + 27. Calculate x(10).
27
Let p(z) = -z**3 - 2*z**2 + z - 3. Calculate p(-3).
3
Let a(z) = z + 6. Calculate a(-8).
-2
Let i(x) = -x**3 + 48*x**2 + 102*x - 119. Calculate i(50).
-19
Let y(r) = -34*r + 16. Calculate y(-6).
220
Let v(r) = r**3 + 10*r**2 + 5*r - 8. Calculate v(-9).
28
Let s(h) = h**2 + 3*h - 3. Determine s(-2).
-5
Let o(l) = l**3 - l**2 - 5*l + 7. What is o(0)?
7
Let q(s) = -3*s**2 - 6*s + 27. Calculate q(-5).
-18
Let u(b) = -27*b**2 - b + 1. Determine u(1).
-27
Let s(y) = 2*y**3 + 4*y**2 + 2*y - 1. Give s(-2).
-5
Let t(r) = -2*r**2 - 8*r - 8. Give t(-2).
0
Let y(z) = z**2 + 33*z - 80. Determine y(-35).
-10
Let w(p) = -10*p - 47. Calculate w(-5).
3
Let i(j) = 2*j**2 + 179*j - 82. Give i(-90).
8
Let k(x) = -x**2 - 7*x + 18. Calculate k(-8).
10
Let v(i) = -i**2 - 3*i - 3. Give v(-3).
-3
Let j(t) = t**2 - 7*t + 16. What is j(8)?
24
Let y(z) = 32*z - 164. Determine y(5).
-4
Let a(f) = -3*f**2 - 39*f + 97. Determine a(-15).
7
Let x(l) = 8*l - 4. Give x(-2).
-20
Let d(u) = -u**3 + 14*u**2 + 2*u - 21. Calculate d(14).
7
Let i(k) = -2*k**2 - 34*k + 4. Give i(-15).
64
Let a(t) = t**2 + 5*t + 8. Calculate a(-3).
2
Let j(n) = -16*n - 6. Calculate j(-5).
74
Let j(f) = -4*f + 46. Determine j(12).
-2
Let c(i) = -5*i + 6. What is c(3)?
-9
Let y(r) = 3*r**2 + 7*r + 17. Determine y(-8).
153
Let y(v) = 15*v + 5. Give y(3).
50
Let s(f) = f**2 + 25*f - 26. Give s(0).
-26
Let a(z) = -2*z**2 - 42*z + 389. Determine a(-28).
-3
Let y(s) = -6*s**3 - 4*s**2 - 5*s. What is y(-1)?
7
Let z(l) = l**3 + 10*l**2 - 10*l + 9. What is z(-11)?
-2
Let d(s) = 3*s**2 - 9*s. Give d(0).
0
Let b(a) = 31*a + 93. C